{"id":2103,"date":"2022-05-18T10:45:01","date_gmt":"2022-05-18T08:45:01","guid":{"rendered":"https:\/\/fot-mk.pl\/?page_id=2103"},"modified":"2022-06-10T14:01:49","modified_gmt":"2022-06-10T12:01:49","slug":"regulamin","status":"publish","type":"page","link":"https:\/\/fot-mk.pl\/index.php\/regulamin\/","title":{"rendered":"Regulamin"},"content":{"rendered":"\t\t<div data-elementor-type=\"wp-page\" data-elementor-id=\"2103\" class=\"elementor elementor-2103\">\n\t\t\t\t\t\t<section class=\"elementor-section elementor-top-section elementor-element elementor-element-b067dae elementor-section-boxed elementor-section-height-default elementor-section-height-default\" data-id=\"b067dae\" data-element_type=\"section\" data-e-type=\"section\">\n\t\t\t\t\t\t<div class=\"elementor-container elementor-column-gap-default\">\n\t\t\t\t\t<div class=\"elementor-column elementor-col-100 elementor-top-column elementor-element elementor-element-fe0c886\" data-id=\"fe0c886\" data-element_type=\"column\" data-e-type=\"column\">\n\t\t\t<div class=\"elementor-widget-wrap elementor-element-populated\">\n\t\t\t\t\t\t<div class=\"elementor-element elementor-element-dd53784 elementor-widget elementor-widget-text-editor\" data-id=\"dd53784\" data-element_type=\"widget\" data-e-type=\"widget\" data-widget_type=\"text-editor.default\">\n\t\t\t\t<div class=\"elementor-widget-container\">\n\t\t\t\t\t\t\t\t\t<p>Regulamin sesji zdj\u0119ciowej<\/p><ol><li>Ka\u017cdy Klient przed sesj\u0105 otrzymuje link do tego regulaminu i ma obowi\u0105zek zapoznania si\u0119 z nim. Um\u00f3wienie si\u0119 na sesj\u0119 zdj\u0119ciow\u0105 jest jednocze\u015bnie akceptacj\u0105 warunk\u00f3w panuj\u0105cych w regulaminie.<\/li><li>Najp\u00f3\u017aniej w dniu wykonania sesji pobierany jest bezzwrotny zadatek w kwocie 50% wybranego przez klienta pakietu. Reszta p\u0142atna przy odbiorze zdj\u0119\u0107.<\/li><li>Termin sesji oraz jej szczeg\u00f3\u0142y s\u0105 ustalane indywidualnie w bezpo\u015brednim kontakcie z Fotografem.<\/li><li>W przypadku braku pogody w dniu, w kt\u00f3rym ustalony by\u0142 termin sesji plenerowej, fotograf w porozumieniu z Klientem wyznacza nowy termin sesji.<\/li><li>W przypadku choroby, wypadk\u00f3w losowych, istnieje mo\u017cliwo\u015b\u0107 przeniesienia zadatku w przypadku sesji standardowych na poczet sesji w innym terminie.<\/li><li>Ch\u0119tni na sesje musz\u0105 powierzy\u0107 Fotografowi swoje imi\u0119 i nazwisko, adres mailowy oraz nr telefonu w celu umo\u017cliwienia kontaktu w sprawach dotycz\u0105cych jego us\u0142ug. tj. np. stworzenie galerii online, kontaktu mailowego, telefonicznego. Dane nie zostaj\u0105 przekazywane nikomu innemu. Podaj\u0105c swoje dane zgadzaj\u0105 si\u0119 na przetwarzanie przez Fotografa danych w celu umo\u017cliwienia jego us\u0142ug.<\/li><li>Sesje odbywaj\u0105 si\u0119 na terenie gminy Brzesko. Dojazd poza gmin\u0119, to koszt 1,2z\u0142 za ka\u017cdy kolejny km.<\/li><li>Zamawiaj\u0105cy o\u015bwiadcza, i\u017c zapozna\u0142 si\u0119 z portfolio Wykonawcy, akceptuje jego styl wykonywania fotografii wraz ze sposobem ich obr\u00f3bki.<\/li><li>Fotograf zastrzega sobie wy\u0142\u0105czne prawo do dokonywania jakichkolwiek przer\u00f3bek i modyfikacji zmieniaj\u0105cych oryginaln\u0105 posta\u0107 zdj\u0119\u0107. Zabrania si\u0119 jakiejkolwiek ingerencji w struktur\u0119 i tre\u015b\u0107 fotografii, \u0142\u0105cznie z przetwarzaniem elektronicznym, kadrowaniem, zmian\u0105 kolorystyki, stosowaniem filtr\u00f3w etc. a w szczeg\u00f3lno\u015bci usuwaniem znaku wodnego Fotografa przez Klienta lub osoby trzecie.<\/li><li>Klient otrzymuje dok\u0142adnie tak\u0105 ilo\u015b\u0107 fotografii, jak\u0105 zakupi\u0142. Nie ma mo\u017cliwo\u015b\u0107 otrzymania \u201ereszty\u201d zdj\u0119\u0107, czyli fotografii surowych\/obrobionych za darmo.<\/li><li>Fotograf daje mo\u017cliwo\u015bci zakupu dodatkowych fotografii w kwocie 20z\u0142\/ sztuka. Nie ma mo\u017cliwo\u015bci z kolei zakupu zdj\u0119\u0107 nieobrobionych.<\/li><li>Po wykonanej sesji Fotograf ma 14 dni roboczych na przygotowanie zdj\u0119\u0107 do wyboru przez Klienta. Prezentacja efekt\u00f3w sesji odbywa si\u0119 poprzez przes\u0142anie Klientowi linka do galerii online zawieraj\u0105cej zdj\u0119cia do wyboru.<\/li><li>Na sesj\u0119 fotograficzn\u0105 nale\u017cy przyj\u015b\u0107 punktualnie. W przypadku sp\u00f3\u017anienia b\u0105d\u017a niemo\u017cno\u015bci dotarcia nale\u017cy uprzedzi\u0107 Fotografa o zaistnia\u0142ej sytuacji przynajmniej 60 minut przed um\u00f3wion\u0105 godzin\u0105 sesji.<\/li><li>Zgoda klienta na publikacj\u0119 zdj\u0119\u0107 jest dobrowolna i zawsze ustalana jest indywidualnie. Klient mo\u017ce sam zdecydowa\u0107, czy pozwala na publikacj\u0119 swojego wizerunku.<\/li><li>Zgoda dla Fotografa jest niezwykle wa\u017cna, bo to jedyna droga, by m\u00f3c promowa\u0107 swoj\u0105 prac\u0119. Klient w ka\u017cdej chwili ma mo\u017cliwo\u015b\u0107 ze zgody wycofa\u0107 si\u0119. Klient udziela zg\u00f3d poprzez informacj\u0119 mailow\u0105\/SMSow\u0105 itp.<\/li><li>Klient mo\u017ce odebra\u0107 ko\u0144cowy produkt osobi\u015bcie lub skorzysta\u0107 z opcji wysy\u0142ki. Opcja wysy\u0142ki to koszt 20 z\u0142 \u2013 kurier, 15 &#8211; paczkomat. Odbi\u00f3r osobisty musi nast\u0105pi\u0107 w ci\u0105gu 7 dni od dnia otrzymania informacji, \u017ce produkt jest do tego gotowy.<\/li><\/ol>\t\t\t\t\t\t\t\t<\/div>\n\t\t\t\t<\/div>\n\t\t\t\t\t<\/div>\n\t\t<\/div>\n\t\t\t\t\t<\/div>\n\t\t<\/section>\n\t\t\t\t<\/div>\n\t\t","protected":false},"excerpt":{"rendered":"<p>Regulamin sesji zdj\u0119ciowej Ka\u017cdy Klient przed sesj\u0105 otrzymuje link do tego regulaminu i ma obowi\u0105zek zapoznania si\u0119 z nim. Um\u00f3wienie si\u0119 na sesj\u0119 zdj\u0119ciow\u0105 jest &hellip; <\/p>\n","protected":false},"author":1,"featured_media":0,"parent":0,"menu_order":0,"comment_status":"closed","ping_status":"closed","template":"","meta":{"footnotes":""},"class_list":["post-2103","page","type-page","status-publish","hentry","latest_post"],"aioseo_notices":[],"_links":{"self":[{"href":"https:\/\/fot-mk.pl\/index.php\/wp-json\/wp\/v2\/pages\/2103","targetHints":{"allow":["GET"]}}],"collection":[{"href":"https:\/\/fot-mk.pl\/index.php\/wp-json\/wp\/v2\/pages"}],"about":[{"href":"https:\/\/fot-mk.pl\/index.php\/wp-json\/wp\/v2\/types\/page"}],"author":[{"embeddable":true,"href":"https:\/\/fot-mk.pl\/index.php\/wp-json\/wp\/v2\/users\/1"}],"replies":[{"embeddable":true,"href":"https:\/\/fot-mk.pl\/index.php\/wp-json\/wp\/v2\/comments?post=2103"}],"version-history":[{"count":19,"href":"https:\/\/fot-mk.pl\/index.php\/wp-json\/wp\/v2\/pages\/2103\/revisions"}],"predecessor-version":[{"id":2295,"href":"https:\/\/fot-mk.pl\/index.php\/wp-json\/wp\/v2\/pages\/2103\/revisions\/2295"}],"wp:attachment":[{"href":"https:\/\/fot-mk.pl\/index.php\/wp-json\/wp\/v2\/media?parent=2103"}],"curies":[{"name":"wp","href":"https:\/\/api.w.org\/{rel}","templated":true}]}}